 highest common factor of 174 and 5046?
174
What is the greatest common factor of 80 and 14000?
80
What is the greatest common factor of 616 and 2072?
56
Calculate the greatest common factor of 10873 and 249.
83
Calculate the highest common factor of 28 and 236.
4
What is the greatest common divisor of 328 and 8?
8
What is the greatest common factor of 63 and 2358?
9
What is the highest common divisor of 485 and 55?
5
Calculate the greatest common divisor of 44 and 374.
22
Calculate the greatest common factor of 42745 and 166.
83
Calculate the highest common divisor of 109 and 4687.
109
Calculate the highest common divisor of 27 and 351.
27
Calculate the highest common divisor of 2 and 4.
2
Calculate the greatest common factor of 13312 and 48.
16
What is the highest common factor of 343 and 196?
49
Calculate the greatest common factor of 13 and 949.
13
Calculate the highest common divisor of 60 and 33.
3
Calculate the highest common factor of 21626 and 22.
22
What is the greatest common divisor of 24 and 31272?
24
What is the greatest common divisor of 1500 and 276?
12
Calculate the highest common divisor of 102 and 12.
6
What is the highest common divisor of 7936 and 1536?
256
What is the highest common divisor of 1846 and 52?
26
Calculate the highest common divisor of 508 and 2413.
127
What is the highest common divisor of 264 and 176?
88
Calculate the highest common factor of 10 and 15420.
10
What is the greatest common divisor of 15 and 215?
5
Calculate the highest common factor of 142 and 1562.
142
Calculate the highest common divisor of 2 and 98.
2
What is the greatest common factor of 160 and 64?
32
Calculate the highest common factor of 855 and 135.
45
Calculate the highest common divisor of 13 and 2470.
13
What is the greatest common divisor of 204 and 6?
6
What is the highest common divisor of 76 and 532?
76
What is the greatest common divisor of 53 and 10547?
53
Calculate the highest common factor of 713 and 589.
31
What is the greatest common divisor of 18 and 2367?
9
What is the greatest common factor of 187 and 136?
17
What is the highest common divisor of 108 and 54?
54
What is the highest common factor of 19097 and 1017?
113
What is the greatest common divisor of 16 and 208?
16
What is the highest common factor of 5056 and 64?
64
Calculate the greatest common factor of 3609 and 18.
9
Calculate the greatest common factor of 182 and 39.
13
What is the highest common divisor of 282 and 3?
3
Calculate the highest common factor of 8776 and 4.
4
What is the greatest common factor of 145 and 87?
29
Calculate the greatest common divisor of 582 and 194.
194
Calculate the greatest common factor of 32 and 238.
2
What is the greatest common factor of 18 and 1842?
6
Calculate the highest common divisor of 61675 and 25.
25
Calculate the greatest common divisor of 40 and 23660.
20
Calculate the greatest common factor of 675 and 27.
27
What is the highest common divisor of 950 and 50?
50
Calculate the greatest common divisor of 24742 and 356.
178
Calculate the greatest common factor of 255 and 952.
17
Calculate the greatest common divisor of 128375 and 125.
125
What is the greatest common factor of 51 and 51?
51
Calculate the greatest common divisor of 43 and 17587.
43
What is the greatest common divisor of 49810 and 170?
170
Calculate the greatest common divisor of 630 and 81.
9
Calculate the highest common factor of 3959 and 107.
107
What is the greatest common factor of 2915 and 110?
55
What is the greatest common factor of 60 and 1140?
60
What is the highest common factor of 115 and 5?
5
Calculate the greatest common divisor of 340 and 85.
85
What is the highest common divisor of 33 and 4125?
33
Calculate the highest common factor of 210 and 390.
30
Calculate the highest common factor of 4032 and 54.
18
Calculate the highest common factor of 357 and 1547.
119
Calculate the greatest common factor of 3140 and 110.
10
Calculate the highest common divisor of 40 and 16840.
40
Calculate the highest common divisor of 322 and 2170.
14
Calculate the highest common factor of 864 and 702.
54
What is the greatest common divisor of 18 and 270?
18
Calculate the highest common divisor of 49 and 3920.
49
What is the greatest common divisor of 307 and 7?
1
What is the greatest common factor of 4355 and 130?
65
What is the greatest common factor of 1972 and 170?
34
Calculate the highest common factor of 3481 and 59.
59
Calculate the greatest common factor of 1 and 53.
1
Calculate the highest common factor of 1 and 61.
1
Calculate the highest common factor of 19966 and 134.
134
What is the highest common divisor of 981 and 218?
109
Calculate the highest common factor of 75 and 2955.
15
What is the greatest common divisor of 5 and 10765?
5
Calculate the highest common factor of 171 and 152.
19
What is the greatest common divisor of 2948 and 2144?
268
What is the highest common factor of 69 and 345?
69
What is the greatest common divisor of 176 and 112?
16
What is the greatest common divisor of 40 and 70?
10
What is the highest common divisor of 54 and 14166?
18
What is the highest common divisor of 1007 and 19?
19
Calculate the greatest common divisor of 144 and 88.
8
What is the highest common factor of 396 and 2916?
36
Calculate the greatest common factor of 176 and 253.
11
What is the greatest common divisor of 380 and 40?
20
What is the highest common factor of 71 and 923?
71
What is the greatest common divisor of 781 and 2272?
71
What is the highest common factor of 72 and 2232?
72
Calculate the highest common factor of 1027 and 52.
13
What is the greatest common factor of 57 and 323?
19
Calculate the greatest common divisor of 46 and 874.
46
What is the greatest common divisor of 100 and 17?
1
Calculate the highest common factor of 1991 and 11.
11
What is the greatest common factor of 192 and 3200?
64
What is the greatest common divisor of 7504 and 336?
112
Calculate the greatest common divisor of 196 and 28.
28
Calculate the greatest common divisor of 1332 and 27.
9
What is the greatest common divisor of 14 and 14?
14
What is the highest common factor of 2468 and 8?
4
Calculate the highest common factor of 20 and 320.
20
What is the greatest common divisor of 82 and 2?
2
Calculate the highest common divisor of 10568 and 8.
8
What is the highest common factor of 432 and 27?
27
Calculate the highest common divisor of 38 and 16321.
19
What is the highest common factor of 55 and 66?
11
Calculate the highest common factor of 688 and 301.
43
What is the highest common factor of 796 and 4?
4
What is the highest common divisor of 8 and 104?
8
What is the highest common factor of 176 and 143?
11
What is the greatest common factor of 6811 and 49?
49
Calculate the highest common divisor of 5 and 174.
1
Calculate the highest common divisor of 18 and 1341.
9
What is the highest common divisor of 3285 and 990?
45
Calculate the highest common divisor of 2 and 17.
1
What is the greatest common factor of 81 and 6?
3
Calculate the greatest common divisor of 260 and 580.
20
Calculate the greatest common divisor of 34073 and 13.
13
What is the highest common divisor of 101 and 1313?
101
What is the highest common factor of 767 and 118?
59
Calculate the greatest common factor of 50440 and 65.
65
Calculate the greatest common divisor of 55 and 4.
1
What is the greatest common factor of 99 and 176?
11
What is the highest common factor of 3402 and 42?
42
Calculate the highest common divisor of 23318 and 524.
262
Calculate the highest common factor of 128 and 32.
32
Calculate the highest common factor of 300 and 2250.
150
Calculate the highest common factor of 19 and 1216.
19
What is the highest common divisor of 39 and 104?
13
Calculate the highest common divisor of 336 and 714.
42
Calculate the highest common factor of 343 and 7.
7
Calculate the highest common divisor of 2668 and 92.
92
What is the greatest common factor of 51 and 52071?
51
Calculate the greatest common divisor of 218 and 7739.
109
What is the highest common factor of 5 and 18?
1
What is the greatest common factor of 70 and 90?
10
What is the greatest common factor of 308 and 1183?
7
Calculate the highest common divisor of 32 and 18224.
16
Calculate the highest common divisor of 147 and 2247.
21
Calcula